{"id":54,"date":"2013-08-07T13:03:43","date_gmt":"2013-08-07T13:03:43","guid":{"rendered":"http:\/\/doctor.madza-wordpress-premium-themes.com\/?page_id=54"},"modified":"2021-03-14T09:57:13","modified_gmt":"2021-03-14T09:57:13","slug":"nosotros","status":"publish","type":"page","link":"https:\/\/osteopatiagracia.com\/ca\/nosotros\/","title":{"rendered":"Nosaltres"},"content":{"rendered":"<p><br \/>\nSom un equip de fisioterapeutes i oste\u00f2pates amb m\u00e9s de 10 anys d&#8217;experi\u00e8ncia en el sector p\u00fablic i privat. Entre les nostres habilitats pots trobar tractaments estructurals i posturals, viscerals, de pre i post part, de terra p\u00e8lvic, fisioter\u00e0pia respirat\u00f2ria infantil i per a adults, entrenament post cirurgia, entrenament a l&#8217;esfor\u00e7 post Covid, tapi, punci\u00f3 seca, orientaci\u00f3 aliment\u00e0ria, &#8230;<br \/>\n<div class=\"wpb_row vc_row-fluid\">\n\t<div class=\"vc_span12 wpb_column column_container\">\n\t\t<div class=\"wpb_wrapper\">\n\t\t\t\n\t<div class=\"wpb_text_column wpb_content_element  wpb_animate_when_almost_visible wpb_top-to-bottom\">\n\t\t<div class=\"wpb_wrapper\">\n\t\t\t\n\t\t<\/div> \n\t<\/div> <div style=\"padding-top:15px\"><\/div>\n\t<div class=\"vc_span4 wpb_column column_container\">\n\t\t<div class=\"wpb_wrapper\">\n\t\t\t\n\t\t<\/div> \n\t<\/div> \n<div class=\"row grid cs-style-3\"><div class=\"span4 wpb_animate_when_almost_visible wpb_top-to-bottom\">\n\t\t\t\t\t\t  <figure>\n\t\t\t\t\t\t\t\t<a href=\"https:\/\/osteopatiagracia.com\/ca\/our-doctors\/laia\/\"><img  src=\"https:\/\/osteopatiagracia.com\/wp-content\/uploads\/2013\/08\/laia-alvarez-fisio-osteopatia-300x350.jpg\" alt=\"\"><\/a>\n\t\t\t\t\t\t\t\t<figcaption>\n\t\t\t\t\t\t\t\t\t<h3>Laia Alvarez Subir\u00e0<\/h3>\n\t\t\t\t\t\t\t\t\t<p>Osteopata i fisoterapeuta col\u00b7legiat num. 4699<\/p>\n\t\t\t\t\t\t\t\t\t<a href=\"https:\/\/osteopatiagracia.com\/ca\/our-doctors\/laia\/\">M\u00e9s informaci\u00f3<\/a>\n\t\t\t\t\t\t\t\t<\/figcaption>\n\t\t\t\t\t\t\t<\/figure><\/div><\/div>\n\t\t<\/div> \n\t<\/div> \n<\/div> <div class=\"wpb_row vc_row-fluid\">\n\t<div class=\"vc_span12 wpb_column column_container\">\n\t\t<div class=\"wpb_wrapper\">\n\t\t\t\n\t<div class=\"wpb_text_column wpb_content_element  wpb_animate_when_almost_visible wpb_top-to-bottom\">\n\t\t<div class=\"wpb_wrapper\">\n\t\t\t\n\t\t<\/div> \n\t<\/div> <div style=\"padding-top:15px\"><\/div>\n\t<div class=\"vc_span2 wpb_column column_container\">\n\t\t<div class=\"wpb_wrapper\">\n\t\t\t\n\t\t<\/div> \n\t<\/div> \n<div class=\"row grid cs-style-3\"><div class=\"span4 wpb_animate_when_almost_visible wpb_top-to-bottom\">\n\t\t\t\t\t\t  <figure>\n\t\t\t\t\t\t\t\t<a href=\"https:\/\/osteopatiagracia.com\/ca\/portfolio\/nuestro-centro\/\"><img  src=\"https:\/\/osteopatiagracia.com\/wp-content\/uploads\/2014\/04\/2013-12-13-12.32.27-1024x577-300x180.jpg\" alt=\"\"><\/a>\n\t\t\t\t\t\t\t\t<figcaption>\n\t\t\t\t\t\t\t\t\t<h3>El nostre centre<\/h3>\n\t\t\t\t\t\t\t\t\t<p>El nostre centre, \u00e9s el teu centre de Gr\u00e0cia for...<\/p>\n\t\t\t\t\t\t\t\t\t<a href=\"https:\/\/osteopatiagracia.com\/ca\/portfolio\/nuestro-centro\/\">M\u00e9s informaci\u00f3<\/a>\n\t\t\t\t\t\t\t\t<\/figcaption>\n\t\t\t\t\t\t\t<\/figure><\/div><div class=\"span4 wpb_animate_when_almost_visible wpb_top-to-bottom\">\n\t\t\t\t\t\t  <figure>\n\t\t\t\t\t\t\t\t<a href=\"https:\/\/osteopatiagracia.com\/ca\/portfolio\/la-nostra-escola\/\"><img  src=\"https:\/\/osteopatiagracia.com\/wp-content\/uploads\/2014\/04\/lanostraescolaosteopatiabarcelona-300x180.jpg\" alt=\"\"><\/a>\n\t\t\t\t\t\t\t\t<figcaption>\n\t\t\t\t\t\t\t\t\t<h3>La nostra escola<\/h3>\n\t\t\t\t\t\t\t\t\t<p>L\u2019escola de la que provenim \u00e9s la fundaci\u00f3 MES...<\/p>\n\t\t\t\t\t\t\t\t\t<a href=\"https:\/\/osteopatiagracia.com\/ca\/portfolio\/la-nostra-escola\/\">M\u00e9s informaci\u00f3<\/a>\n\t\t\t\t\t\t\t\t<\/figcaption>\n\t\t\t\t\t\t\t<\/figure><\/div><\/div>\n\t\t<\/div> \n\t<\/div> \n<\/div><\/p>","protected":false},"excerpt":{"rendered":"<p>Som un equip de fisioterapeutes i oste\u00f2pates amb m\u00e9s de 10 anys d&#8217;experi\u00e8ncia en el sector p\u00fablic i privat. Entre les nostres habilitats pots trobar tractaments estructurals i posturals, viscerals, de pre i post part, de terra p\u00e8lvic, fisioter\u00e0pia respirat\u00f2ria infantil i per a adults, entrenament post cirurgia, entrenament a l&#8217;esfor\u00e7 post Covid, tapi, punci\u00f3 seca, orientaci\u00f3 aliment\u00e0ria, &#8230;<\/p>\n","protected":false},"author":1,"featured_media":0,"parent":0,"menu_order":0,"comment_status":"closed","ping_status":"closed","template":"","meta":[],"_links":{"self":[{"href":"https:\/\/osteopatiagracia.com\/ca\/wp-json\/wp\/v2\/pages\/54"}],"collection":[{"href":"https:\/\/osteopatiagracia.com\/ca\/wp-json\/wp\/v2\/pages"}],"about":[{"href":"https:\/\/osteopatiagracia.com\/ca\/wp-json\/wp\/v2\/types\/page"}],"author":[{"embeddable":true,"href":"https:\/\/osteopatiagracia.com\/ca\/wp-json\/wp\/v2\/users\/1"}],"replies":[{"embeddable":true,"href":"https:\/\/osteopatiagracia.com\/ca\/wp-json\/wp\/v2\/comments?post=54"}],"version-history":[{"count":53,"href":"https:\/\/osteopatiagracia.com\/ca\/wp-json\/wp\/v2\/pages\/54\/revisions"}],"predecessor-version":[{"id":406,"href":"https:\/\/osteopatiagracia.com\/ca\/wp-json\/wp\/v2\/pages\/54\/revisions\/406"}],"wp:attachment":[{"href":"https:\/\/osteopatiagracia.com\/ca\/wp-json\/wp\/v2\/media?parent=54"}],"curies":[{"name":"wp","href":"https:\/\/api.w.org\/{rel}","templated":true}]}}

<p><br />
Som un equip de fisioterapeutes i osteòpates amb més de 10 anys d&#8217;experiència en el sector públic i privat. Entre les nostres habilitats pots trobar tractaments estructurals i posturals, viscerals, de pre i post part, de terra pèlvic, fisioteràpia respiratòria infantil i per a adults, entrenament post cirurgia, entrenament a l&#8217;esforç post Covid, tapi, punció seca, orientació alimentària, &#8230;<br />
<div class="wpb_row vc_row-fluid">
	<div class="vc_span12 wpb_column column_container">
		<div class="wpb_wrapper">
			
	<div class="wpb_text_column wpb_content_element  wpb_animate_when_almost_visible wpb_top-to-bottom">
		<div class="wpb_wrapper">
			
		</div> 
	</div> <div style="padding-top:15px"></div>
	<div class="vc_span4 wpb_column column_container">
		<div class="wpb_wrapper">
			
		</div> 
	</div> 
<div class="row grid cs-style-3"><div class="span4 wpb_animate_when_almost_visible wpb_top-to-bottom">
						  <figure>
								<a href="https://osteopatiagracia.com/ca/our-doctors/laia/"><img  src="https://osteopatiagracia.com/wp-content/uploads/2013/08/laia-alvarez-fisio-osteopatia-300x350.jpg" alt=""></a>
								<figcaption>
									<h3>Laia Alvarez Subirà</h3>
									<p>Osteopata i fisoterapeuta col·legiat num. 4699</p>
									<a href="https://osteopatiagracia.com/ca/our-doctors/laia/">Més informació</a>
								</figcaption>
							</figure></div></div>
		</div> 
	</div> 
</div> <div class="wpb_row vc_row-fluid">
	<div class="vc_span12 wpb_column column_container">
		<div class="wpb_wrapper">
			
	<div class="wpb_text_column wpb_content_element  wpb_animate_when_almost_visible wpb_top-to-bottom">
		<div class="wpb_wrapper">
			
		</div> 
	</div> <div style="padding-top:15px"></div>
	<div class="vc_span2 wpb_column column_container">
		<div class="wpb_wrapper">
			
		</div> 
	</div> 
<div class="row grid cs-style-3"><div class="span4 wpb_animate_when_almost_visible wpb_top-to-bottom">
						  <figure>
								<a href="https://osteopatiagracia.com/ca/portfolio/nuestro-centro/"><img  src="https://osteopatiagracia.com/wp-content/uploads/2014/04/2013-12-13-12.32.27-1024x577-300x180.jpg" alt=""></a>
								<figcaption>
									<h3>El nostre centre</h3>
									<p>El nostre centre, és el teu centre de Gràcia for...</p>
									<a href="https://osteopatiagracia.com/ca/portfolio/nuestro-centro/">Més informació</a>
								</figcaption>
							</figure></div><div class="span4 wpb_animate_when_almost_visible wpb_top-to-bottom">
						  <figure>
								<a href="https://osteopatiagracia.com/ca/portfolio/la-nostra-escola/"><img  src="https://osteopatiagracia.com/wp-content/uploads/2014/04/lanostraescolaosteopatiabarcelona-300x180.jpg" alt=""></a>
								<figcaption>
									<h3>La nostra escola</h3>
									<p>L’escola de la que provenim és la fundació MES...</p>
									<a href="https://osteopatiagracia.com/ca/portfolio/la-nostra-escola/">Més informació</a>
								</figcaption>
							</figure></div></div>
		</div> 
	</div> 
</div></p>

<p>Som un equip de fisioterapeutes i osteòpates amb més de 10 anys d&#8217;experiència en el sector públic i privat. Entre les nostres habilitats pots trobar tractaments estructurals i posturals, viscerals, de pre i post part, de terra pèlvic, fisioteràpia respiratòria infantil i per a adults, entrenament post cirurgia, entrenament a l&#8217;esforç post Covid, tapi, punció seca, orientació alimentària, &#8230;</p>
